-413 (base 7) to base 3
-21122
Convert 20 (base 5) to base 8.
12
Convert -63 (base 12) to base 10.
-75
4 (base 10) to base 3
11
Convert 0 (base 11) to base 4.
0
What is 1b (base 12) in base 9?
25
What is -12 (base 7) in base 14?
-9
-1 (base 13) to base 12
-1
What is -2 (base 8) in base 2?
-10
Convert 10 (base 5) to base 3.
12
What is -421 (base 7) in base 11?
-182
What is -21120 (base 3) in base 5?
-1304
Convert 11 (base 5) to base 3.
20
Convert -11 (base 8) to base 12.
-9
219 (base 11) to base 15
127
What is -20 (base 3) in base 2?
-110
Convert -3 (base 7) to base 3.
-10
124 (base 6) to base 3
1221
What is 13 (base 16) in base 11?
18
What is 100 (base 2) in base 8?
4
c3 (base 14) to base 6
443
101 (base 2) to base 16
5
-4 (base 14) to base 16
-4
Convert 20 (base 4) to base 2.
1000
111 (base 2) to base 5
12
5 (base 13) to base 8
5
Convert 100 (base 2) to base 11.
4
Convert 12 (base 14) to base 9.
17
What is 11 (base 4) in base 16?
5
Convert 20 (base 8) to base 4.
100
Convert 8 (base 9) to base 5.
13
What is -5 (base 15) in base 12?
-5
Convert 35 (base 12) to base 3.
1112
What is -11 (base 2) in base 5?
-3
Convert -1 (base 6) to base 3.
-1
Convert 25 (base 16) to base 3.
1101
2 (base 3) to base 8
2
What is -4 (base 6) in base 14?
-4
What is -2 (base 5) in base 4?
-2
Convert -41 (base 7) to base 14.
-21
Convert -a (base 14) to base 10.
-10
254 (base 7) to base 6
345
Convert 353 (base 8) to base 7.
454
-1110011 (base 2) to base 9
-137
Convert 4 (base 9) to base 8.
4
Convert -134 (base 5) to base 15.
-2e
What is -25 (base 15) in base 13?
-29
-48 (base 14) to base 2
-1000000
What is 0 (base 11) in base 14?
0
What is e (base 16) in base 7?
20
Convert -52 (base 13) to base 9.
-74
Convert 2 (base 14) to base 11.
2
What is -233 (base 4) in base 5?
-142
What is 0 (base 5) in base 7?
0
6 (base 15) to base 7
6
4 (base 6) to base 5
4
-11 (base 9) to base 3
-101
Convert 23 (base 8) to base 5.
34
What is 175 (base 9) in base 4?
2111
Convert -4 (base 5) to base 2.
-100
3 (base 13) to base 6
3
Convert 35 (base 8) to base 5.
104
Convert 110 (base 8) to base 3.
2200
What is -100 (base 2) in base 4?
-10
Convert 18 (base 15) to base 4.
113
What is 6 (base 7) in base 14?
6
What is -1100101 (base 2) in base 8?
-145
-221 (base 7) to base 13
-89
Convert -4 (base 6) to base 14.
-4
-4 (base 9) to base 13
-4
What is 10 (base 14) in base 9?
15
Convert 11003 (base 4) to base 8.
503
-48 (base 13) to base 15
-40
-101000 (base 2) to base 7
-55
What is -10 (base 8) in base 11?
-8
-102 (base 3) to base 2
-1011
What is 2c (base 15) in base 16?
2a
3 (base 9) to base 10
3
Convert -2 (base 16) to base 9.
-2
-18 (base 9) to base 6
-25
-4 (base 13) to base 11
-4
What is -3 (base 4) in base 11?
-3
5 (base 7) to base 13
5
Convert ac (base 16) to base 15.
b7
12 (base 5) to base 8
7
Convert -4 (base 15) to base 6.
-4
220 (base 5) to base 10
60
Convert -3 (base 7) to base 9.
-3
Convert 10 (base 6) to base 3.
20
-43 (base 5) to base 11
-21
1 (base 6) to base 4
1
What is -13 (base 9) in base 13?
-c
What is -25 (base 10) in base 7?
-34
What is 2 (base 15) in base 2?
10
Convert -1 (base 9) to base 12.
-1
What is 212 (base 3) in base 9?
25
d (base 15) to base 13
10
-3 (base 8) to base 7
-3
What is -22 (base 4) in base 5?
-20
What is 10c (base 14) in base 8?
320
What is 1 (base 5) in base 16?
1
What is -11 (base 3) in base 14?
-4
What is 64 (base 10) in base 13?
4c
66 (base 12) to base 2
1001110
-1 (base 2) to base 13
-1
What is -11 (base 6) in base 3?
-21
-53 (base 9) to base 10
-48
20 (base 12) to base 9
26
-64 (base 9) to base 3
-2011
1222 (base 4) to base 15
71
What is -132 (base 4) in base 12?
-26
1 (base 10) to base 3
1
What is 3 (base 9) in base 6?
3
Convert 1112 (base 3) to base 9.
45
What is -9 (base 15) in base 10?
-9
-102 (base 5) to base 9
-30
What is 2 (base 14) in base 15?
2
Convert -12 (base 5) to base 6.
-11
Convert -5 (base 8) to base 7.
-5
Convert -10202 (base 3) to base 15.
-6b
100 (base 7) to base 15
34
-6 (base 7) to base 8
-6
What is 50 (base 16) in base 15?
55
Convert 101 (base 3) to base 8.
12
Convert 52 (base 9) to base 8.
57
-7 (base 13) to base 16
-7
Convert -a (base 13) to base 6.
-14
What is 110 (base 7) in base 5?
211
What is -2 (base 6) in base 2?
-10
-232 (base 7) to base 10
-121
What is 3 (base 10) in base 12?
3
What is -28 (base 9) in base 13?
-20
2303 (base 4) to base 3
20122
b (base 13) to base 5
21
-201 (base 7) to base 13
-78
Convert -1 (base 12) to base 4.
-1
-101 (base 4) to base 7
-23
Convert 6 (base 15) to base 9.
6
0 (base 3) to base 5
0
Convert -253 (base 6) to base 12.
-89
What is -13 (base 13) in base 4?
-100
What is 143 (base 9) in base 4?
1320
0 (base 5) to base 12
0
100100 (base 2) to base 12
30
135 (base 6) to base 7
113
35 (base 12) to base 9
45
Convert -30 (base 14) to base 13.
-33
Convert -12 (base 7) to base 9.
-10
What is -2a (base 16) in base 15?
-2c
What is -2 (base 3) in base 7?
-2
What is -14 (base 8) in base 14?
-c
What is -4 (base 13) in base 16?
-4
321 (base 5) to base 12
72
0 (base 3) to base 10
0
Convert -11000 (base 2) to base 14.
-1a
Convert -7 (base 12) to base 5.
-12
0 (base 11) to base 3
0
-2 (base 6) to base 15
-2
Convert 0 (base 5) to base 2.
0
0 (base 16) to base 7
0
Convert 22112 (base 3) to base 8.
346
33 (base 4) to base 8
17
-1 (base 8) to base 15
-1
What is 3 (base 9) in base 2?
11
1 (base 6) to base 3
1
What is -110000 (base 2) in base 5?
-143
Convert -6 (base 15) to base 8.
-6
What is 14 (base 15) in base 14?
15
What is 1 (base 15) in base 16?
1
-2 (base 12) to base 16
-2
What is 11 (base 5) in base 7?
6
What is 135 (base 7) in base 16?
4b
What is -3 (base 15) in base 13?
-3
What is 103 (base 4) in base 14?
15
What is 0 (base 12) in base 4?
0
Convert -56 (base 11) to base 8.
-75
-5 (base 13) to base 3
-12
Convert 6 (base 15) to base 9.
6
-38 (base 9) to base 11
-32
What is -4 (base 13) in base 8?
-4
2 (base 13) to base 5
2
-55 (base 10) to base 2
-110111
Convert 4 (base 14) to base 10.
4
Convert -2a8 (base 11) to base 3.
-111100
Convert 1 (base 7) to base 5.
1
Convert -11 (base 9) to base 16.
-a
What is 143 (base 5) in base 10?
48
-3 (base 13) to base 9
-3
What is 6 (base 15) in base 7?
6
141 (base 7) to base 14
58
What is -134 (base 15) in base 12?
-1aa
-2 (base 8) to base 4
-2
What is 163 (base 7) in base 2?
1011110
What is -133 (base 5) in base 16?
-2b
-157 (base 9) to base 14
-97
What is 11021 (base 3) in base 2?
1110011
22 (base 4) to base 9
11
101222 (base 3) to base 2
100101000
1102 (base 3) to base 16
26
What is -137 (base 8) in base 10?
-95
6 (base 13) to base 15
6
Convert 1 (base 11) to base 2.
1
Convert -5 (base 10) to base 6.
-5
What is -102 (base 6) in base 7?
-53
Convert 81 (base 16) to base 7.
243
What is 1 (base 10) in base 14?
1
Convert -10 (base 7) to base 13.
-7
-176 (base 13) to base 8
-412
111 (base 2) to base 10
7
40 (base 5) to base 3
202
Convert 125 (base 9) to base 10.
104
Convert -12 (base 7) to base 6.
-13
101 (base 5) to base 9
28
Convert 2 (base 5) to base 4.
2
What is 22 (base 5) in base 12?
10
What is -142 (base 8) in base 3?
-10122
Convert -22 (base 4) to base 15.
-a
What is -87 (base 12) in base 8?
-147
1 (base 16) to base 3
1
5 (base 13) to base 11
5
What is -a4 (base 13) in base 16?
-86
Convert -13 (base 7) to base 14.
-a
What is 0 (base 2) in base 7?
0
9 (base 14) to base 4
21
Convert -16 (base 10) to base 12.
-14
What is -22 (base 10) in base 8?
-26
What is -42 (base 5) in base 3?
-211
What is 4 (base 15) in base 7?
4
Convert 13 (base 4) to base 10.
7
Convert -10 (base 11) to base 14.
-b
2111 (base 4) to base 7
302
Convert 6 (base 16) to base 14.
6
What is 1121 (base 4) in base 2?
1011001
Convert -197 (base 16) to base 2.
-110010111
-52 (base 7) to base 4
-211
What is -2 (base 15) in base 11?
-2
23 (base 10) to base 4
113
-12102 (base 3) to base 11
-123
0 (base 4) to base 11
0
What is -102112 (base 3) in base 4?
-10313
Convert 58 (base 11) to base 6.
143
What is 2 (base 7) in base 6?
2
-5b (base 13) to base 6
-204
36 (base 16) to base 6
130
Convert -1 (base 6) to base 15.
-1
What is 89 (base 15) in base 11?
108
Convert 0 (base 7) to base 12.
0
Convert 0 (base 8) to base 3.
0
What is 210 (base 5) in base 6?
131
3 (base 11) to base 6
3
-22 (base 6) to base 3
-112
Convert 7 (bas